hundred thousands digit of 1988190468?
1
What is the millions digit of 87375323?
7
What is the ten thousands digit of 62754355?
5
What is the ten thousands digit of 612924939?
2
What is the millions digit of 1330308451?
0
What is the ten millions digit of 64018381?
6
What is the ten thousands digit of 2164093187?
9
What is the tens digit of 30165727?
2
What is the hundred millions digit of 1793783453?
7
What is the hundred thousands digit of 31075844?
0
What is the ten thousands digit of 267480297?
8
What is the ten thousands digit of 197349865?
4
What is the ten thousands digit of 267475814?
7
What is the hundreds digit of 79852955?
9
What is the hundreds digit of 193379186?
1
What is the units digit of 553536088?
8
What is the ten thousands digit of 160918459?
1
What is the ten millions digit of 397115308?
9
What is the hundreds digit of 4107311554?
5
What is the tens digit of 1888226635?
3
What is the hundred thousands digit of 2526965?
5
What is the units digit of 27268189?
9
What is the tens digit of 51742014?
1
What is the hundreds digit of 2684999090?
0
What is the ten thousands digit of 93130878?
3
What is the ten thousands digit of 323912685?
1
What is the hundred millions digit of 160926195?
1
What is the ten millions digit of 1085370108?
8
What is the units digit of 1007736241?
1
What is the hundred millions digit of 322147027?
3
What is the hundreds digit of 4188671324?
3
What is the ten millions digit of 305909202?
0
What is the millions digit of 166495267?
6
What is the millions digit of 1583307007?
3
What is the hundreds digit of 47987361?
3
What is the tens digit of 203526339?
3
What is the ten thousands digit of 158816221?
1
What is the hundreds digit of 2117143741?
7
What is the units digit of 245386102?
2
What is the tens digit of 84557503?
0
What is the ten thousands digit of 601379872?
7
What is the ten millions digit of 120529690?
2
What is the hundred thousands digit of 2060246665?
2
What is the tens digit of 194118063?
6
What is the ten thousands digit of 77745039?
4
What is the hundred thousands digit of 41701749?
7
What is the ten thousands digit of 12255269?
5
What is the ten thousands digit of 55694106?
9
What is the units digit of 1184917690?
0
What is the ten millions digit of 116830436?
1
What is the millions digit of 2001714441?
1
What is the ten thousands digit of 1334999139?
9
What is the ten millions digit of 1471998219?
7
What is the millions digit of 1358449437?
8
What is the hundreds digit of 1931999101?
1
What is the tens digit of 161855156?
5
What is the hundred millions digit of 125582042?
1
What is the ten millions digit of 1967308362?
6
What is the hundreds digit of 228606195?
1
What is the ten millions digit of 516089220?
1
What is the units digit of 2449252536?
6
What is the hundred thousands digit of 2236474430?
4
What is the units digit of 4222137438?
8
What is the units digit of 344638082?
2
What is the hundreds digit of 6552042?
0
What is the ten thousands digit of 342652177?
5
What is the hundred millions digit of 350093658?
3
What is the hundred thousands digit of 4553579?
5
What is the ten millions digit of 4082466697?
8
What is the hundreds digit of 53025399?
3
What is the tens digit of 888564116?
1
What is the ten millions digit of 59669969?
5
What is the ten thousands digit of 1903962754?
6
What is the ten thousands digit of 43764594?
6
What is the units digit of 207850375?
5
What is the tens digit of 5285862912?
1
What is the millions digit of 1410363847?
0
What is the hundred thousands digit of 5404004063?
0
What is the millions digit of 2789948868?
9
What is the tens digit of 6138454?
5
What is the ten millions digit of 1791085014?
9
What is the hundreds digit of 22644249?
2
What is the tens digit of 44649808?
0
What is the units digit of 2349875579?
9
What is the ten thousands digit of 13899171?
9
What is the ten thousands digit of 2386316566?
1
What is the millions digit of 2949228719?
9
What is the hundred millions digit of 2867499600?
8
What is the thousands digit of 41280892?
0
What is the hundreds digit of 10713285?
2
What is the units digit of 214841673?
3
What is the millions digit of 147255988?
7
What is the ten millions digit of 27269684?
2
What is the ten thousands digit of 29059893?
5
What is the units digit of 121574389?
9
What is the millions digit of 1566179159?
6
What is the tens digit of 46716354?
5
What is the ten millions digit of 908527081?
0
What is the hundred millions digit of 7800862173?
8
What is the hundred thousands digit of 8964777384?
7
What is the units digit of 61692053?
3
What is the hundreds digit of 75261051?
0
What is the millions digit of 1418490972?
8
What is the ten thousands digit of 15267084?
6
What is the hundreds digit of 91351024?
0
What is the ten thousands digit of 15975595?
7
What is the hundred thousands digit of 63180426?
1
What is the ten millions digit of 77572781?
7
What is the tens digit of 9201921480?
8
What is the millions digit of 10960918?
0
What is the millions digit of 437470609?
7
What is the tens digit of 32620674?
7
What is the hundred thousands digit of 374666595?
6
What is the thousands digit of 67067003?
7
What is the tens digit of 31336069?
6
What is the tens digit of 2435232?
3
What is the millions digit of 118182080?
8
What is the hundred thousands digit of 89287558?
2
What is the ten thousands digit of 353867345?
6
What is the hundred millions digit of 378821488?
3
What is the tens digit of 2153996651?
5
What is the ten thousands digit of 135421642?
2
What is the tens digit of 1207254854?
5
What is the hundreds digit of 706521783?
7
What is the ten millions digit of 110245912?
1
What is the hundred thousands digit of 4263495212?
4
What is the units digit of 579302556?
6
What is the hundreds digit of 7978735?
7
What is the ten thousands digit of 35713726?
1
What is the ten thousands digit of 25245730?
4
What is the tens digit of 994191412?
1
What is the thousands digit of 2627598?
7
What is the units digit of 268917787?
7
What is the ten thousands digit of 214567080?
6
What is the ten millions digit of 4651114452?
5
What is the millions digit of 38988683?
8
What is the millions digit of 92127547?
2
What is the tens digit of 2047190784?
8
What is the ten thousands digit of 52432723?
3
What is the tens digit of 4066426666?
6
What is the tens digit of 52304580?
8
What is the ten millions digit of 1476172916?
7
What is the ten millions digit of 2766364929?
6
What is the ten thousands digit of 1010489858?
8
What is the tens digit of 199620468?
6
What is the units digit of 336222569?
9
What is the thousands digit of 280054553?
4
What is the tens digit of 18067105?
0
What is the millions digit of 75543877?
5
What is the billions digit of 1333854263?
1
What is the tens digit of 240961703?
0
What is the hundred thousands digit of 687423566?
4
What is the units digit of 291483993?
3
What is the thousands digit of 154506787?
6
What is the thousands digit of 213121386?
1
What is the hundred thousands digit of 8532102737?
1
What is the millions digit of 238954945?
8
What is the millions digit of 61052325?
1
What is the tens digit of 248082328?
2
What is the tens digit of 657025970?
7
What is the hundreds digit of 32071716?
7
What is the hundred thousands digit of 160193458?
1
What is the ten millions digit of 589386647?
8
What is the thousands digit of 33481435?
1
What is the ten thousands digit of 24997725?
9
What is the hundreds digit of 160365700?
7
What is the hundred thousands digit of 482209577?
2
What is the thousands digit of 91232504?
2
What is the hundreds digit of 51755370?
3
What is the millions digit of 851705783?
1
What is the tens digit of 16690941?
4
What is the tens digit of 769034392?
9
What is the hundred thousands digit of 66976882?
9
What is the thousands digit of 722454763?
4
What is the hundred millions digit of 2011578591?
0
What is the thousands digit of 42489686?
9
What is the hundreds digit of 24788050?
0
What is the units digit of 5247095881?
1
What is the millions digit of 1420787063?
0
What is the hundred millions digit of 100551056?
1
What is the hundred millions digit of 369963465?
3
What is the tens digit of 29848052?
5
What is the thousands digit of 46115917?
5
What is the millions digit of 8069